{"id":63,"date":"2015-07-30T11:47:18","date_gmt":"2015-07-30T11:47:18","guid":{"rendered":"http:\/\/localhost\/wordpress\/?page_id=63"},"modified":"2015-07-30T11:54:13","modified_gmt":"2015-07-30T11:54:13","slug":"snagom-znanja-da-razlika-bude-manja","status":"publish","type":"page","link":"http:\/\/www.slijepi.hr\/?page_id=63","title":{"rendered":"Snagom znanja da razlika bude manja"},"content":{"rendered":"<p style=\"text-align: justify;\">Udruga slijepih Vara\u017edinske \u017eupanije nositelj je projekta \u201eSNAGOM ZNANJA, DA RAZLIKA BUDE MANJA\u201c koji se provodi u okviru instrumenta HR.5.2.04 \u201eJa\u010danje sposobnosti organizacija civilnog dru\u0161tva za pru\u017eanje socijalnih usluga\u201c u kojemu Ured za udruge Vlade Republike Hrvatske nastupa u ulozi posredni\u010dkog tijela prve razine, a Nacionalna zaklada za razvoj civilnoga dru\u0161tva u ulozi posredni\u010dkog tijela druge razine.<\/p>\n<p style=\"text-align: justify;\"><strong>Partneri na projektu su:<\/strong>\u00a0Udruga slijepih Po\u017ee\u0161ko-slavonske \u017eupanije (P1),\u00a0Medicinska \u0161kola Vara\u017edin (P2),\u00a0Srednja \u0161kola Pakrac (P3) i\u00a0Hrvatski savez slijepih Zagreb (P4).<\/p>\n<p style=\"text-align: justify;\">Projekt se provodi u razdoblju od 29. prosinca 2014. do 28. velja\u010de 2016. godine, odnosno u trajanju od 14 mjeseci.<\/p>\n<p style=\"text-align: justify;\"><strong>Projekt vrijedan 746.579,25 HRK<\/strong> financiran je od Europske unije iz Europskog socijalnog fonda i Dr\u017eavnog prora\u010duna Republike Hrvatske.<\/p>\n<p style=\"text-align: justify;\"><strong>Ciljevi projekta su:<\/strong> unaprijediti upravlja\u010dke i operativne sposobnosti udruga slijepih za pru\u017eanje inovativnih i u\u010dinkovitih socijalnih usluga za slijepe osobe te pove\u0107ati prepoznatljivost udruga slijepih kroz ja\u010danje volonterskog anga\u017emana i suradnje s relevantnim dionicima u podru\u010dju pru\u017eanja socijalnih usluga na podru\u010dju Vara\u017edinske i Po\u017ee\u0161ko-slavonske \u017eupanije.<\/p>\n<p style=\"text-align: justify;\"><strong>Ciljne skupine<\/strong> su upravlja\u010dka i operativna tijela udruga, slijepe osobe \u2013 \u010dlanovi udruga, volonteri iz medicinskih \u0161kola i zainteresirana javnost.<\/p>\n<p style=\"text-align: justify;\"><img decoding=\"async\" class=\" aligncenter\" src=\"http:\/\/usvz.hr\/wp\/wp-content\/uploads\/2015\/01\/Zaglavlje-ESF.jpg\" alt=\"http:\/\/usvz.hr\/wp\/wp-content\/uploads\/2015\/01\/Zaglavlje-ESF.jpg\" \/><\/p>\n","protected":false},"excerpt":{"rendered":"<p>Udruga slijepih Vara\u017edinske \u017eupanije nositelj je projekta \u201eSNAGOM ZNANJA, DA RAZLIKA BUDE MANJA\u201c koji se provodi u okviru instrumenta HR.5.2.04 \u201eJa\u010danje sposobnosti organizacija civilnog dru\u0161tva za pru\u017eanje socijalnih usluga\u201c u kojemu Ured za udruge Vlade Republike Hrvatske nastupa u ulozi posredni\u010dkog tijela prve razine, a Nacionalna zaklada za razvoj civilnoga dru\u0161tva u ulozi posredni\u010dkog tijela &hellip; <a href=\"http:\/\/www.slijepi.hr\/?page_id=63\" class=\"more-link\">Nastavi \u010ditati <span class=\"screen-reader-text\">Snagom znanja da razlika bude manja<\/span> <span class=\"meta-nav\">&rarr;<\/span><\/a><\/p>\n","protected":false},"author":1,"featured_media":0,"parent":0,"menu_order":0,"comment_status":"closed","ping_status":"closed","template":"","meta":{"footnotes":""},"class_list":["post-63","page","type-page","status-publish","hentry"],"_links":{"self":[{"href":"http:\/\/www.slijepi.hr\/index.php?rest_route=\/wp\/v2\/pages\/63","targetHints":{"allow":["GET"]}}],"collection":[{"href":"http:\/\/www.slijepi.hr\/index.php?rest_route=\/wp\/v2\/pages"}],"about":[{"href":"http:\/\/www.slijepi.hr\/index.php?rest_route=\/wp\/v2\/types\/page"}],"author":[{"embeddable":true,"href":"http:\/\/www.slijepi.hr\/index.php?rest_route=\/wp\/v2\/users\/1"}],"replies":[{"embeddable":true,"href":"http:\/\/www.slijepi.hr\/index.php?rest_route=%2Fwp%2Fv2%2Fcomments&post=63"}],"version-history":[{"count":4,"href":"http:\/\/www.slijepi.hr\/index.php?rest_route=\/wp\/v2\/pages\/63\/revisions"}],"predecessor-version":[{"id":69,"href":"http:\/\/www.slijepi.hr\/index.php?rest_route=\/wp\/v2\/pages\/63\/revisions\/69"}],"wp:attachment":[{"href":"http:\/\/www.slijepi.hr\/index.php?rest_route=%2Fwp%2Fv2%2Fmedia&parent=63"}],"curies":[{"name":"wp","href":"https:\/\/api.w.org\/{rel}","templated":true}]}}

<p style="text-align: justify;">Udruga slijepih Varaždinske županije nositelj je projekta „SNAGOM ZNANJA, DA RAZLIKA BUDE MANJA“ koji se provodi u okviru instrumenta HR.5.2.04 „Jačanje sposobnosti organizacija civilnog društva za pružanje socijalnih usluga“ u kojemu Ured za udruge Vlade Republike Hrvatske nastupa u ulozi posredničkog tijela prve razine, a Nacionalna zaklada za razvoj civilnoga društva u ulozi posredničkog tijela druge razine.</p>
<p style="text-align: justify;"><strong>Partneri na projektu su:</strong> Udruga slijepih Požeško-slavonske županije (P1), Medicinska škola Varaždin (P2), Srednja škola Pakrac (P3) i Hrvatski savez slijepih Zagreb (P4).</p>
<p style="text-align: justify;">Projekt se provodi u razdoblju od 29. prosinca 2014. do 28. veljače 2016. godine, odnosno u trajanju od 14 mjeseci.</p>
<p style="text-align: justify;"><strong>Projekt vrijedan 746.579,25 HRK</strong> financiran je od Europske unije iz Europskog socijalnog fonda i Državnog proračuna Republike Hrvatske.</p>
<p style="text-align: justify;"><strong>Ciljevi projekta su:</strong> unaprijediti upravljačke i operativne sposobnosti udruga slijepih za pružanje inovativnih i učinkovitih socijalnih usluga za slijepe osobe te povećati prepoznatljivost udruga slijepih kroz jačanje volonterskog angažmana i suradnje s relevantnim dionicima u području pružanja socijalnih usluga na području Varaždinske i Požeško-slavonske županije.</p>
<p style="text-align: justify;"><strong>Ciljne skupine</strong> su upravljačka i operativna tijela udruga, slijepe osobe – članovi udruga, volonteri iz medicinskih škola i zainteresirana javnost.</p>
<p style="text-align: justify;"><img decoding="async" class=" aligncenter" src="http://usvz.hr/wp/wp-content/uploads/2015/01/Zaglavlje-ESF.jpg" alt="http://usvz.hr/wp/wp-content/uploads/2015/01/Zaglavlje-ESF.jpg" /></p>

<p>Udruga slijepih Varaždinske županije nositelj je projekta „SNAGOM ZNANJA, DA RAZLIKA BUDE MANJA“ koji se provodi u okviru instrumenta HR.5.2.04 „Jačanje sposobnosti organizacija civilnog društva za pružanje socijalnih usluga“ u kojemu Ured za udruge Vlade Republike Hrvatske nastupa u ulozi posredničkog tijela prve razine, a Nacionalna zaklada za razvoj civilnoga društva u ulozi posredničkog tijela &hellip; <a href="http://www.slijepi.hr/?page_id=63" class="more-link">Nastavi čitati <span class="screen-reader-text">Snagom znanja da razlika bude manja</span> <span class="meta-nav">&rarr;</span></a></p>
