{"id":1451,"date":"2021-02-08T10:01:13","date_gmt":"2021-02-08T10:01:13","guid":{"rendered":"http:\/\/www.slijepi.hr\/?page_id=1451"},"modified":"2024-12-12T10:30:22","modified_gmt":"2024-12-12T10:30:22","slug":"prava-i-mogucnosti-slijepih-osoba","status":"publish","type":"page","link":"https:\/\/www.slijepi.hr\/?page_id=1451","title":{"rendered":"Prava i mogu\u0107nosti slijepih osoba"},"content":{"rendered":"\n<p><strong>PRAVO NA INKLUZIVNI DODATAK \u2013&nbsp;<\/strong>inkluzivni dodatak je nov\u010dana naknada namijenjena osobi s invaliditetom u svrhu prevladavanja razli\u010ditih prepreka koje mogu sprje\u010davati njezino puno i u\u010dinkovito sudjelovanje u dru\u0161tvu na ravnopravnoj osnovi s drugima. Zakonom o inkluzivnom dodatku koji je stupio na snagu 1. sije\u010dnja 2024. godine u pravo na inkluzivni dodatak objedinile su se \u010detiri naknade: osobna invalidnina, doplatak za pomo\u0107 i njegu, doplatak za djecu koji se ostvaruje u uve\u0107anom iznosu radi o\u0161te\u0107enja zdravlja, te\u017eeg ili te\u0161kog invaliditeta te nov\u010dana pomo\u0107 za nezaposlene osobe s invaliditetom. Osnovica za izra\u010dun inkluzivnog dodatka iznosi 120 eura. Potpora se razvrstava u 5 razina temeljem Liste vrste i te\u017eine invaliditeta \u2013 o\u0161te\u0107enja funkcionalnih sposobnosti.<\/p>\n\n\n\n<p><strong>NAKNADA ZA UGRO\u017dENOG KUPCA ENERGENATA&nbsp;\u2013&nbsp;<\/strong>Korisnicima prava na inkluzivni dodatak prve, druge ili tre\u0107e razine potpore kojima nije osigurana usluga smje\u0161taja ili organiziranog stanovanja priznaje se naknada za ugro\u017eenog kupca energenata.<\/p>\n\n\n\n<p><strong>USLUGA OSOBNE ASISTENCIJE&nbsp;\u2013&nbsp;<\/strong>Osobna asistencija je socijalna usluga kojom se osigurava pomo\u0107 i podr\u0161ka osobi s invaliditetom u aktivnostima koje ne mo\u017ee izvoditi sama radi vrste i stupnja invaliditeta, a koje su joj svakodnevno potrebne u ku\u0107i i izvan ku\u0107e, te pomo\u0107 i podr\u0161ka u komunikaciji i primanju informacija, a u svrhu ve\u0107eg stupnja samostalnosti i uklju\u010denosti u zajednicu, za\u0161tite i osiguravanja ljudskih prava osobe s invaliditetom, kao i ostvarivanja ravnopravnosti s drugima.<\/p>\n\n\n\n<p>Udruga slijepih Grada Po\u017eege i Po\u017ee\u0161ko-slavonske \u017eupanije pru\u017ea uslugu vide\u0107eg pratitelja. <\/p>\n\n\n\n<p>Pravo na uslugu osobne asistencije koju pru\u017ea vide\u0107i pratitelj priznaje se osobi:<\/p>\n\n\n\n<p>&#8211; kojoj je temeljem Nalaza i mi\u0161ljenja jedinstvenog tijela vje\u0161ta\u010denja utvr\u0111en tre\u0107i ili \u010detvrti stupanj te\u017eine invaliditeta;<\/p>\n\n\n\n<p>&#8211; koja je starija od 18 godina <\/p>\n\n\n\n<p>&#8211; koja ima status osobe s invaliditetom te da je upisana u Registar osoba s invaliditetom koji se vodi kod Hrvatskog zavoda za javno zdravstvo<\/p>\n\n\n\n<p>Kako bi ostvarila pravo na uslugu osobne asistencije, osoba mora podnijeti zahtjev nadle\u017enom podru\u010dnom uredu Hrvatskog zavoda za socijalni rad. Komisija za procjenu potrebe korisnika osnovana pri podru\u010dnom uredu procjenjuje potrebu za uslugom osobne asistencije i broj sati usluge na temelju nalaza i mi\u0161ljenja Zavoda za vje\u0161ta\u010denje, profesionalnu rehabilitaciju i zapo\u0161ljavanje osoba s invaliditetom i druge dokumentacije. Osoba mo\u017ee ostvariti pravo na uslugu osobne asistencije koju pru\u017ea vide\u0107i pratitelj u rasponu od 10 do 60 sati mjese\u010dno. <\/p>\n\n\n\n<p>Pravo na vide\u0107eg pratitelja ne mo\u017ee ostvariti osoba:<\/p>\n\n\n\n<p>&#8211; koja ima osiguran smje\u0161taj u ustanovi socijalne skrbi i kod drugih pru\u017eatelja socijalnih usluga, u zdravstvenoj ili u drugoj ustanovi, odnosno organizirano stanovanje na temelju zakona kojim se ure\u0111uje djelatnost socijalne skrbi;<\/p>\n\n\n\n<p>&#8211; \u010diji roditelj ili drugi \u010dlan obitelji ima priznato pravo na status roditelja njegovatelja ili status njegovatelja za potrebu skrbi o njoj na temelju zakona kojim se ure\u0111uje djelatnost socijalne skrbi;<\/p>\n\n\n\n<p>&#8211; koja ostvaruje pravo na njegovatelja temeljem drugih propisa;<\/p>\n\n\n\n<p>&#8211; \u010diji \u010dlan ku\u0107anstva mo\u017ee pru\u017eiti uslugu pratnje i pomo\u0107i u svakodnevnim aktivnostima sukladno njezinim potrebama;<\/p>\n\n\n\n<p>&#8211; koja se nalazi u istra\u017enom zatvoru ili na izdr\u017eavanju kazne zatvora;<\/p>\n\n\n\n<p>&#8211; koja ostvaruje uslugu osobne asistencije koju pru\u017ea osobni asistent<\/p>\n\n\n\n<p><strong>PRAVO NA PSIHOSOCIJALNU I PROFESIONALNU REHABILITACIJU ODRASLIH SLIJEPIH OSOBA&nbsp;\u2013&nbsp;<\/strong>navedenu rehabilitaciju provodi Centar za odgoj i obrazovanje \u201eVinko Bek\u201c te Centar za rehabilitaciju \u201eSilver\u201c. Rehabilitacija se temelji na individualnom pristupu uz procjenu korisnikovih potreba i interesa te preostalih radnih sposobnosti.<\/p>\n\n\n\n<p>Kako bi se uklju\u010dilo u program, potrebno je podnijeti zahtjev Podru\u010dnom uredu Hrvatskog zavoda za socijalni rad prema mjestu prebivali\u0161ta. Potom se vr\u0161i procjena u Centru za odgoj i obrazovanje \u201eVinko Bek\u201c ili Centru za rehabilitaciju \u201eSilver\u201c. Nakon toga Hrvatski zavod za socijalni rad donosi rje\u0161enje o vrsti i opsegu psihosocijalne rehabilitacije.<\/p>\n\n\n\n<p><strong>Povlastice u prometu<\/strong><\/p>\n\n\n\n<p>Sukladno Zakonu o povlasticama u prometu, osoba s invaliditetom ostvaruje prava iz podru\u010dja mobilnosti sljede\u0107im javnim ispravama:<\/p>\n\n\n\n<p>&#8211; Nacionalnom iskaznicom za osobe s invaliditetom;<\/p>\n\n\n\n<p>&#8211; Europskom iskaznicom za osobe s invaliditetom;<\/p>\n\n\n\n<p>&#8211; Europskom parkirali\u0161nom kartom za osobe s invaliditetom<\/p>\n\n\n\n<p><\/p>\n\n\n\n<p><strong>\u017dELJEZNI\u010cKI PROMET<\/strong>&nbsp;\u2013 Hrvatski savez slijepih sklopio je novi Ugovor o poslovnoj suradnji s Hrvatskim \u017eeljeznicama putni\u010dki prijevoz vezano uz kori\u0161tenje komercijalne povlastice u iznosu od 50% za slijepu osobu i vide\u0107u pratnju u svim redovnim vlakovima unutarnjeg prometa. Ugovor&nbsp; je potpisan za sljede\u0107e neograni\u010deno razdoblje.<\/p>\n\n\n\n<p>Prema uputi H\u017dPP-a, stupanjem novog Ugovora na snagu, profili \u201cHrvatski savez slijepih\u201d kupljeni za vrijeme prija\u0161njeg Ugovora prestaju vrijediti 31.10.2024. godine bez obzira na to kada su kupljeni. Sukladno tome, svi korisnici pametne kartice od 01.11.2024. obvezni su kupiti novi profil koji \u0107e vrijediti do 31.10.2025. godine. Pametna kartica vrijedi 5 godina i njezina izrada je besplatna.<\/p>\n\n\n\n<p><strong>POMORSKI PROMET \u2013&nbsp;<\/strong>Osobe kojima je utvr\u0111en 3. i 4. stupanj funkcionalnog o\u0161te\u0107enja ostvaruju pravo na besplatni prijevoz na svim trajektnim linijama s obvezom javne usluge uklju\u010duju\u0107i i osobno vozilo kojim se te osobe prevoze. Pratitelj osobe s invaliditetom ostvaruje pravo na besplatni prijevoz.<\/p>\n\n\n\n<p>Osobe s o\u0161te\u0107enjem vida od 90% kojima nije utvr\u0111en 3. i 4. stupanj funkcionalnog o\u0161te\u0107enja ostvaruju pravo na povlasticu u pomorskom prijevozu od 75% od redovite cijene vozne karte za \u010detiri putovanja godi\u0161nje na svim linijama u pomorskom prometu.<\/p>\n\n\n\n<p><strong>OSLOBA\u0110ANJE OD PLA\u0106ANJA GODI\u0160NJE NAKNADE ZA UPORABU JAVNIH CESTA I CESTARINE \u2013&nbsp;<\/strong>Osobe s invaliditetom s 80% ili vi\u0161e postotaka tjelesnog o\u0161te\u0107enja ne pla\u0107aju godi\u0161nju naknadu za uporabu javnih cesta koja se pla\u0107a pri registraciji motornih i priklju\u010dnih vozila ili prilikom produ\u017eenja va\u017eenja prometne dozvole za jedan osobni automobil koji imaju u svom vlasni\u0161tvu, odnosno koji koriste na temelju ugovora o leasingu.<\/p>\n\n\n\n<p><strong>PRAVO NA KORI\u0160TENJE PARKIRALI\u0160TA OBILJE\u017dENIH ZNAKOM PRISTUPA\u010cNOSTI<\/strong>&nbsp;\u2013 Osobe s invaliditetom s 80% ili vi\u0161e postotaka tjelesnog o\u0161te\u0107enja ostvaruju pravo na izdavanje Europske parkirali\u0161ne karte za osobe s invaliditetom. Radi se o javnoj ispravi koja omogu\u0107ava pravo na parkiranje vozila kojima se prevoze osobe s invaliditetom na parkirali\u0161no mjesto koje je za tu svrhu posebno obilje\u017eeno, a ozna\u010dava se simbolom znaka pristupa\u010dnosti. Isprava vrijedi samo kada se u vozilu nalazi osoba s invaliditetom.<\/p>\n\n\n\n<p><strong>PRAVO NA POPUST PRI KUPNJI AVIONSKE KARTE U DOMA\u0106EM ZRA\u010cNOM PROMETU \u2013&nbsp;<\/strong>Slijepe osobe imaju pravo na 50% popusta na odre\u0111ene tarife u doma\u0107em zra\u010dnom prometu. Isti popust mo\u017ee koristiti i jedna osoba u njihovoj pratnji.<\/p>\n\n\n\n<p>Popust se ostvaruje na prodajnim mjestima Croatia Airlinesa \u2013 potrebno je naglasiti da \u017eelite koristiti popust i treba najaviti ho\u0107e li u pratnji biti i pas vodi\u010d te je potrebno prilo\u017eiti i presliku \u010dlanske iskaznice Hrvatskog saveza slijepih.<\/p>\n\n\n\n<p><\/p>\n\n\n\n<p><strong>PRAVO NA POMAGALA<\/strong><\/p>\n\n\n\n<p>Hrvatski zavod za zdravstveno osiguranje donio je Pravilnik o ortopedskim pomagalima koji se primjenjuje od 01. velja\u010de 2012. godine, temeljem kojeg slijepe osobe koje su osiguranici osnovnog i dopunskog zdravstvenog osiguranja, imaju pravo na slijede\u0107a pomagala :<\/p>\n\n\n\n<p>Tiflotehni\u010dka pomagala:<\/p>\n\n\n\n<p>1. DUGI BIJELI \u0160TAP ZA SLIJEPE OSOBE<\/p>\n\n\n\n<p>&#8211; pravo na pomagalo imaju sve osigurane slijepe osobe<\/p>\n\n\n\n<p>&#8211; pomagalo propisuje izabrani lije\u010dnik op\u0107e\/obiteljske medicine<\/p>\n\n\n\n<p>&#8211; propisivanje pomagala od specijaliste oftalmologa nije potrebno<\/p>\n\n\n\n<p>&#8211; odobrenje podru\u010dne slu\u017ebe HZZO-a nije potrebno<\/p>\n\n\n\n<p>&#8211; pomagalo nije potrebno vra\u0107ati u Zavod<\/p>\n\n\n\n<p>&#8211; rok uporabe pomagala je 1 godina<\/p>\n\n\n\n<p>2. RU\u010cNI \/ D\u017dEPNI SAT ZA SLIJEPE OSOBE<\/p>\n\n\n\n<p>&#8211; pravo na pomagalo imaju sve osigurane slijepe osobe<\/p>\n\n\n\n<p>&#8211; pomagalo propisuje izabrani lije\u010dnik op\u0107e\/obiteljske medicine<\/p>\n\n\n\n<p>&#8211; propisivanje pomagala od specijaliste oftalmologa nije potrebno<\/p>\n\n\n\n<p>&#8211; odobrenje podru\u010dne slu\u017ebe HZZO-a nije potrebno<\/p>\n\n\n\n<p>&#8211; pomagalo nije potrebno vra\u0107ati u Zavod<\/p>\n\n\n\n<p>&#8211; rok uporabe pomagala do 7 godine \u017eivota je 5 godina, od 7-18 godine \u017eivota je 4 godine, iznad 18 godina je 5 godina<\/p>\n\n\n\n<p>3. BRAILLEEV PISA\u0106I URE\u0110AJ<\/p>\n\n\n\n<p>&#8211; pravo na pomagalo imaju sve osigurane slijepe osobe<\/p>\n\n\n\n<p>&#8211; pomagalo propisuje specijalist oftalmolog<\/p>\n\n\n\n<p>&#8211; pomagalo odobrava ovla\u0161teni doktor u podru\u010dnoj slu\u017ebi HZZO-a<\/p>\n\n\n\n<p>&#8211; dodatni uvjeti : &#8211; obavezno prilo\u017eiti potvrdu o zavr\u0161enom \u0161kolovanju iz Braillevog pisma, te preporuka temeljne udruge HSS -a da se osoba slu\u017ei Braillevim pismom<\/p>\n\n\n\n<p>&#8211; nakon prestanka potrebe i roka upotrebe pomagala obaveza je vra\u0107anja pomagala<\/p>\n\n\n\n<p>&#8211; rok uporabe pomagala je 15 godina<\/p>\n\n\n\n<p>4. REPRODUKTOR I SNIMA\u010c ZVU\u010cNIH KNJIGA U DAISY FORMATU ZA SLIJEPE OSOBE<\/p>\n\n\n\n<p>&#8211; pravo na pomagalo imaju sve osigurane slijepe osobe<\/p>\n\n\n\n<p>&#8211; pomagalo propisuje specijalist oftalmolog<\/p>\n\n\n\n<p>&#8211; pomagalo odobrava ovla\u0161teni doktor u podru\u010dnoj slu\u017ebi HZZO-a<\/p>\n\n\n\n<p>&#8211; nakon prestanka potrebe i roka upotrebe pomagala obaveza je vra\u0107anja pomagala<\/p>\n\n\n\n<p>&#8211; rok uporabe pomagala je 5 godina<\/p>\n\n\n\n<p>Slijepa osoba koja nema dopunsko zdravstveno osiguranje prilikom nabavke pomagala mora uplatiti 20% od vrijednosti tra\u017eenog pomagala.<\/p>\n\n\n\n<p>Vi\u0161e informacija o pravima na ostala elektroni\u010dna pomagala, koja slijepe osobe mogu ostvariti u iznimnim situacijama, potra\u017eite na stranicama Hrvatskog saveza slijepih.<\/p>\n\n\n\n<p><strong>O\u010cNA POMAGALA<\/strong><\/p>\n\n\n\n<p>&#8211; nao\u010dale (okviri za nao\u010dale, le\u0107e za nao\u010dale, teleskopske le\u0107e)<\/p>\n\n\n\n<p>&#8211; kontaktne le\u0107e<\/p>\n\n\n\n<p>&#8211; o\u010dne proteze (pune, ljuskaste, orbitalne, privremene prilago\u0111avaju\u0107e)<\/p>\n\n\n\n<p>Utvr\u0111ena pomagala propisuje osiguranoj osobi doktor oftalmologije.<\/p>\n\n\n\n<p><strong>PRAVO NA OSLOBA\u0110ANJE OD PLA\u0106ANJA DJELA TRO\u0160KOVA ZDRAVSTVENE ZA\u0160TITE<\/strong><\/p>\n\n\n\n<p>Slijepim osobama zajam\u010deno je Zakonom o osloba\u0111anju od pla\u0107anja djela tro\u0161kova zdravstvene za\u0161tite &#8211; u cijelosti pla\u0107anje zdravstvene za\u0161tite na teret sredstava Hrvatskog zavoda za zdravstveno osiguranje.<\/p>\n\n\n\n<p><strong>PRAVO NA OSPOSOBLJAVANJE I \u0160KOLOVANJE<\/strong><\/p>\n\n\n\n<p>Temeljem Ustava RH svakoj osobi omogu\u0107eno je obrazovanje u skladu s njezinim sposobnostima. Slijepe osobe mogu se obrazovati u integriranom \u0161kolstvu i specijalnim \u0161kolama za slijepe. Specijalne \u0161kole za slijepe su Osnovna i Srednja \u0161kola &#8220;Vinko Bek&#8221; u Zagrebu i Srednja \u0161kola &#8220;Vinko Bek&#8221; u Osijeku.<\/p>\n\n\n\n<p>Slijepa djeca i mlade\u017e u integriranom \u0161kolovanju imaju pravo na stru\u010dnu pomo\u0107 tiflopedagoga i ud\u017ebenike na Brailleovom pismu.<\/p>\n\n\n\n<p><strong>PRAVO NA PROFESIONALNO OSPOSOBLJAVANJE I REHABILITACIJU<\/strong><\/p>\n\n\n\n<p>Slijepe osobe zapo\u0161ljavaju se i rade na tr\u017ei\u0161tu rada pod op\u0107im ili posebnim uvjetima, odnosno mogu raditi i na otvorenom tr\u017ei\u0161tu rada ili u ustanovama i trgova\u010dkim dru\u0161tvima osnovanim radi zapo\u0161ljavanja osoba s invaliditetom. Pod zapo\u0161ljavanjem u posebnim uvjetima smatra se tako\u0111er samozapo\u0161ljavanje otvaranjem vlastitog obrta ili trgova\u010dkog dru\u0161tva, te zapo\u0161ljavanje u obiteljskom gospodarstvu.<\/p>\n\n\n\n<p>Kako bi se slijepa osoba osposobila za samostalan \u017eivot i rad omogu\u0107eno joj je u\u010denje vje\u0161tina za uspje\u0161no savladavanje svakodnevnih \u017eivotnih zada\u0107a, u\u010denje Brailleovog pisma, samostalno kretanje.<\/p>\n\n\n\n<p>Zahtjev za utvr\u0111ivanje invaliditeta i smanjene radne sposobnosti podnosi se nadle\u017enom centru za socijalnu skrb. Ukoliko je zahtjev osnovan slijepa osoba ima pravo na profesionalno osposobljavanje i rehabilitaciju u posebnim \u0161kolama i ustanovama za profesionalnu rehabilitaciju po prilago\u0111enim ili posebnim programima, a o \u010demu odlu\u010duje u prvom stupnju podru\u010dna slu\u017eba Hrvatskog zavoda za zapo\u0161ljavanje nadle\u017ena prema prebivali\u0161tu osobe s invaliditetom.<\/p>\n\n\n\n<p>Za osobe o\u0161te\u0107ena vida rehabilitacija se provodi u Centru za odgoj i obrazovanje Vinko Bek, Zagreb.<\/p>\n\n\n\n<p><strong>PRAVO NA MIROVINSKI STA\u017d SA POVE\u0106ANIM TRAJANJEM<\/strong><\/p>\n\n\n\n<p>Slijepe osobe imaju pravo na beneficirani radni sta\u017e.<\/p>\n\n\n\n<p><strong>PRAVO NA DOPUST ILI SKRA\u0106ENO RADNO VRIJEME<\/strong><\/p>\n\n\n\n<p>Pravilnikom o stjecanju prava na dopust do sedme godine djetetova \u017eivota utvr\u0111eno je da jedan od roditelja djeteta s te\u017eim o\u0161te\u0107enjima zbog kojih ono ovisi o pomo\u0107i i njezi druge osobe, ima pravo na dopust ili na rad s polovicom punog radnog vremena do sedme godine \u017eivota djeteta. To pravo se ostvaruje pod uvjetom da su oba roditelja zaposlena s punim radnim vremenom te da roditelj sam brine i njeguje dijete s te\u017eim smetnjama u razvoju<\/p>\n\n\n\n<p>Zahtjev za priznavanje tog prava podnosi se nadle\u017enom centru za socijalnu skrb prema mjestu prebivali\u0161ta.<\/p>\n\n\n\n<p><strong>PRAVO NA DJE\u010cJI DOPLATAK<\/strong><\/p>\n\n\n\n<p>Zakon o doplatku za djecu utvrdio je neke pogodnosti za invalidnu djecu. Za dijete s te\u017eim o\u0161te\u0107enjem zdravlja prema propisima socijalne skrbi odre\u0111uje se doplatak u svoti od 25% prora\u010dunske osnovice neovisno o visini ukupnog mjese\u010dnog dohotka po \u010dlanu ku\u0107anstva.<\/p>\n\n\n\n<p>Pravo na najmanje 30 radnih dana godi\u0161njeg odmora<\/p>\n\n\n\n<p>Za slijepe osobe to pravo je utvr\u0111eno temeljem kolektivnih ugovora za slu\u017ebenike i namje\u0161tenike<\/p>\n\n\n\n<p><strong>PRAVO NA OSLOBA\u0110ANJE OD BORAVI\u0160NE PRISTOJBE<\/strong><\/p>\n\n\n\n<p>Ostvaruje se na temelju Zakona o boravi\u0161noj pristojbi, prilikom prijave boravka u mjestu odmora i uz predo\u010denje rje\u0161enja o invalidnosti i \u010dlanske iskaznice Hrvatskog saveza slijepih. Kako hotelijeri i privatni poduzetnici ponekad nisu upoznati s ovim pravom slijepih osoba dobro je ukazati na Zakon o boravi\u0161noj pristojbi NN 35\/95.<\/p>\n\n\n\n<p>Prilikom registracije vozila mo\u017ee se ostvariti i 10-20% popusta na osiguranje vozila a \u0161to zavisi od osiguravaju\u0107e ku\u0107e.<\/p>\n\n\n\n<p><strong>OSLOBO\u0110ENJE OD PLA\u0106ANJA RTV PRISTOJBE<\/strong><\/p>\n\n\n\n<p>Ostvaruju ga slijepe osobe &#8211; \u010dlanovi Hrvatskog saveza slijepih na kojoj je prijavljen radio i TV-prijemnik.<\/p>\n\n\n\n<p>Zahtjev se podnosi preko mati\u010dne udruge slijepih i u prilogu mora sadr\u017eavati lije\u010dni\u010dku svjedod\u017ebu o invaliditetu.<\/p>\n\n\n\n<p><strong>DJELOMI\u010cNO OSLOBO\u0110ENJE OD T-COM PRETPLATE<\/strong><\/p>\n\n\n\n<p>Odobrava Hrvatski Telekom d.d. za telefonski priklju\u010dak koji je prijavila slijepa osoba tako da ista pla\u0107a 50% telefonske pretplate.<\/p>\n\n\n\n<p>Popust se ostvaruje predo\u010denjem osobne iskaznice, te potvrde ovjerene od strane mati\u010dne udruge. Za ostvarenje popusta potrebnoj je do\u0107i u T-Com centar. Sve dodatne informacije mo\u017eete dobiti pozivom Slu\u017ebe za korisnike na broj 0800 9000.<\/p>\n","protected":false},"excerpt":{"rendered":"<p>PRAVO NA INKLUZIVNI DODATAK \u2013&nbsp;inkluzivni dodatak je nov\u010dana naknada namijenjena osobi s invaliditetom u svrhu prevladavanja razli\u010ditih prepreka koje mogu sprje\u010davati njezino puno i u\u010dinkovito sudjelovanje u dru\u0161tvu na ravnopravnoj osnovi s drugima. Zakonom o inkluzivnom dodatku koji je stupio na snagu 1. sije\u010dnja 2024. godine u pravo na inkluzivni dodatak objedinile su se \u010detiri &hellip; <a href=\"https:\/\/www.slijepi.hr\/?page_id=1451\" class=\"more-link\">Nastavi \u010ditati <span class=\"screen-reader-text\">Prava i mogu\u0107nosti slijepih osoba<\/span> <span class=\"meta-nav\">&rarr;<\/span><\/a><\/p>\n","protected":false},"author":1,"featured_media":0,"parent":0,"menu_order":9,"comment_status":"closed","ping_status":"closed","template":"","meta":{"footnotes":""},"class_list":["post-1451","page","type-page","status-publish","hentry"],"_links":{"self":[{"href":"https:\/\/www.slijepi.hr\/index.php?rest_route=\/wp\/v2\/pages\/1451","targetHints":{"allow":["GET"]}}],"collection":[{"href":"https:\/\/www.slijepi.hr\/index.php?rest_route=\/wp\/v2\/pages"}],"about":[{"href":"https:\/\/www.slijepi.hr\/index.php?rest_route=\/wp\/v2\/types\/page"}],"author":[{"embeddable":true,"href":"https:\/\/www.slijepi.hr\/index.php?rest_route=\/wp\/v2\/users\/1"}],"replies":[{"embeddable":true,"href":"https:\/\/www.slijepi.hr\/index.php?rest_route=%2Fwp%2Fv2%2Fcomments&post=1451"}],"version-history":[{"count":5,"href":"https:\/\/www.slijepi.hr\/index.php?rest_route=\/wp\/v2\/pages\/1451\/revisions"}],"predecessor-version":[{"id":2550,"href":"https:\/\/www.slijepi.hr\/index.php?rest_route=\/wp\/v2\/pages\/1451\/revisions\/2550"}],"wp:attachment":[{"href":"https:\/\/www.slijepi.hr\/index.php?rest_route=%2Fwp%2Fv2%2Fmedia&parent=1451"}],"curies":[{"name":"wp","href":"https:\/\/api.w.org\/{rel}","templated":true}]}}