{"id":71,"date":"2015-07-31T10:54:49","date_gmt":"2015-07-31T10:54:49","guid":{"rendered":"http:\/\/localhost\/wordpress\/?page_id=71"},"modified":"2015-08-28T10:18:56","modified_gmt":"2015-08-28T10:18:56","slug":"za-bolje-sutra","status":"publish","type":"page","link":"https:\/\/www.slijepi.hr\/?page_id=71","title":{"rendered":"Za bolje sutra"},"content":{"rendered":"<p style=\"text-align: justify;\">Projekt \u201eZa bolje sutra\u201c ukupne vrijednosti 749.407,06 kuna sufinanciran je od Europskog socijalnog fonda i Ureda za udruge Vlade RH posredstvom Nacionalne zaklade za razvoj civilnoga dru\u0161tva . Nositelj projekta je Hrvatski savez slijepih.<\/p>\n<p>Najva\u017enije aktivnosti projekta su:<\/p>\n<ul>\n<li>Ja\u010danje udruga slijepih u pru\u017eanju u\u010dinkovitih i kvalitetnih socijalnih usluga kroz edukacije za unapre\u0111enje upravlja\u010dkih i operativnih sposobnosti;<\/li>\n<li>Izrada alata za pra\u0107enje provedbe i evaluaciju kvalitete specifi\u010dnih socijalnih usluga za slijepe u Hrvatskoj putem jedinstvene ra\u010dunalne baze podataka \u010dlanstva;<\/li>\n<li>Evaluacija stanja sustava osiguranja kvalitete rada Saveza i udruga slijepih;<\/li>\n<li>Izrada i testiranje inovativnoga modela za pristupa\u010dnost TV programa slijepim osobama;<\/li>\n<li>Razvoj standarda za pru\u017eanje socijalnih usluga slijepim osobama;<\/li>\n<li>Izrada zajedni\u010dke Platforme za pru\u017eanje standardiziranih socijalnih usluga za slijepe;<\/li>\n<li>Javni paneli s temom socijalnih usluga za osobe s invaliditetom.<\/li>\n<\/ul>\n","protected":false},"excerpt":{"rendered":"<p>Projekt \u201eZa bolje sutra\u201c ukupne vrijednosti 749.407,06 kuna sufinanciran je od Europskog socijalnog fonda i Ureda za udruge Vlade RH posredstvom Nacionalne zaklade za razvoj civilnoga dru\u0161tva . Nositelj projekta je Hrvatski savez slijepih. Najva\u017enije aktivnosti projekta su: Ja\u010danje udruga slijepih u pru\u017eanju u\u010dinkovitih i kvalitetnih socijalnih usluga kroz edukacije za unapre\u0111enje upravlja\u010dkih i operativnih &hellip; <a href=\"https:\/\/www.slijepi.hr\/?page_id=71\" class=\"more-link\">Nastavi \u010ditati <span class=\"screen-reader-text\">Za bolje sutra<\/span> <span class=\"meta-nav\">&rarr;<\/span><\/a><\/p>\n","protected":false},"author":1,"featured_media":0,"parent":0,"menu_order":0,"comment_status":"closed","ping_status":"closed","template":"","meta":{"footnotes":""},"class_list":["post-71","page","type-page","status-publish","hentry"],"_links":{"self":[{"href":"https:\/\/www.slijepi.hr\/index.php?rest_route=\/wp\/v2\/pages\/71","targetHints":{"allow":["GET"]}}],"collection":[{"href":"https:\/\/www.slijepi.hr\/index.php?rest_route=\/wp\/v2\/pages"}],"about":[{"href":"https:\/\/www.slijepi.hr\/index.php?rest_route=\/wp\/v2\/types\/page"}],"author":[{"embeddable":true,"href":"https:\/\/www.slijepi.hr\/index.php?rest_route=\/wp\/v2\/users\/1"}],"replies":[{"embeddable":true,"href":"https:\/\/www.slijepi.hr\/index.php?rest_route=%2Fwp%2Fv2%2Fcomments&post=71"}],"version-history":[{"count":2,"href":"https:\/\/www.slijepi.hr\/index.php?rest_route=\/wp\/v2\/pages\/71\/revisions"}],"predecessor-version":[{"id":143,"href":"https:\/\/www.slijepi.hr\/index.php?rest_route=\/wp\/v2\/pages\/71\/revisions\/143"}],"wp:attachment":[{"href":"https:\/\/www.slijepi.hr\/index.php?rest_route=%2Fwp%2Fv2%2Fmedia&parent=71"}],"curies":[{"name":"wp","href":"https:\/\/api.w.org\/{rel}","templated":true}]}}